) in base 7?
-65052545
Convert 4262cd (base 15) to base 11.
1868983
What is -261c55d (base 14) in base 2?
-1000110000010000010010111
What is -2001414004 (base 5) in base 15?
-52b11e
What is -14c7064 (base 13) in base 6?
-354544234
Convert 5eaeb1 (base 16) to base 5.
3042030410
8a7589 (base 13) to base 6
154045255
What is 1301002133 (base 4) in base 14?
c0a3d
-102021200020102 (base 3) to base 4
-112320011333
Convert -2560204 (base 11) to base 3.
-22100101200200
What is 23a915 (base 14) in base 6?
42052411
What is -827368 (base 14) in base 8?
-20620320
What is -307145 (base 9) in base 7?
-1356461
11030140320 (base 5) to base 16
b67a33
What is 10100101101001000110111 (base 2) in base 7?
64064252
What is -1186097 (base 10) in base 3?
-2020021000112
Convert 110111100000001011011110 (base 2) to base 8.
67401336
What is 10211011201101 (base 3) in base 10?
2030788
Convert 2112020200 (base 3) to base 5.
3043002
221220111010 (base 3) to base 13
14b140
Convert 191903 (base 11) to base 16.
4814b
18a27 (base 12) to base 11
25086
What is -1402011421 (base 5) in base 10?
-3547736
-258db (base 14) to base 11
-633a1
-3460651 (base 7) to base 11
-277834
Convert 2566167 (base 8) to base 11.
449954
What is e5510 (base 15) in base 13?
1c5a50
Convert -195d (base 16) to base 5.
-201433
10111110101010110011 (base 2) to base 13
214624
What is -1b41135 (base 12) in base 15?
-79ad48
-546205 (base 8) to base 3
-100022121200
Convert -1054322 (base 7) to base 6.
-2451205
321140 (base 7) to base 14
163c7
Convert -407a8 (base 15) to base 13.
-71c63
What is 33f093 (base 16) in base 4?
30333002103
Convert 524810 (base 9) to base 7.
2436306
4130113044 (base 5) to base 15
b1b369
bc4422 (base 13) to base 10
4436447
-5320155 (base 6) to base 7
-2126615
2708678 (base 9) to base 7
15413330
What is 112112002002 (base 3) in base 12?
1194a8
What is 8ada56 (base 15) in base 5?
3144034311
-35124214 (base 6) to base 3
-2001002112001
What is 2012200220 (base 3) in base 10?
43521
1201211222110 (base 3) to base 10
922170
Convert -2403230 (base 6) to base 3.
-20100200100
Convert -1962652 (base 11) to base 7.
-40103612
Convert -78891c (base 13) to base 12.
-b53459
What is 1110001101001000 (base 2) in base 8?
161510
What is -2075812 (base 9) in base 15?
-16ec28
Convert 55416 (base 8) to base 11.
16571
What is -354051 (base 15) in base 10?
-2544826
-3276b7 (base 12) to base 2
-11000011100100101011
-300300320 (base 5) to base 6
-41153051
-433141 (base 7) to base 10
-75538
110000101101111110000 (base 2) to base 16
185bf0
-1534542 (base 8) to base 4
-1223211202
24906 (base 11) to base 16
8b75
125406231 (base 7) to base 13
1896c99
Convert 32261165 (base 7) to base 8.
12403522
-12031301222 (base 4) to base 9
-3052862
-256151 (base 7) to base 15
-e242
Convert 107380 (base 9) to base 3.
10021102200
3031424121 (base 5) to base 10
6123661
Convert -40050202 (base 6) to base 10.
-1126298
What is -11100111101111101111111 (base 2) in base 13?
-175b609
Convert 2d13e (base 16) to base 5.
21402023
Convert 1bfe98 (base 16) to base 7.
21410554
Convert 6907a (base 14) to base 5.
31132200
Convert -1d367 (base 14) to base 5.
-4343032
What is -2420022 (base 5) in base 13?
-17646
Convert 326b47 (base 12) to base 3.
1111122100201
Convert 16417043 (base 9) to base 6.
452101150
What is -306122 (base 10) in base 2?
-1001010101111001010
-302124412 (base 5) to base 6
-41521031
-23dd6 (base 15) to base 4
-123331011
Convert -265620a (base 12) to base 6.
-430241214
What is -8d150 (base 16) in base 8?
-2150520
-11111011101010100 (base 2) to base 9
-215668
What is -14211042 (base 5) in base 11?
-a0a25
Convert 66420 (base 12) to base 15.
2a1a9
2031254 (base 8) to base 10
537260
What is 130020140 (base 6) in base 16?
267bdc
What is -1085 (base 15) in base 10?
-3500
Convert 101101000000111010010 (base 2) to base 4.
11220013102
Convert 18c6a (base 13) to base 5.
3021003
What is -33203404 (base 5) in base 10?
-287979
95b18 (base 13) to base 7
2202631
Convert 103043212 (base 5) to base 14.
b6716
12a172 (base 13) to base 4
1232001113
1111012013 (base 4) to base 2
1010101000110000111
Convert -23333212 (base 5) to base 8.
-643427
Convert 2a663 (base 16) to base 8.
523143
21199c (base 13) to base 2
10111101001101010010
What is 1f3460 (base 16) in base 13?
567a97
-2278720 (base 9) to base 8
-4550654
b390c (base 13) to base 15
65765
What is -51103b3 (base 12) in base 14?
-2039543
What is 631303 (base 8) in base 7?
1532042
What is 34011144 (base 5) in base 6?
10214042
What is -126614 (base 8) in base 14?
-12296
What is -1001101111100000011 (base 2) in base 11?
-1a8934
Convert 455424141 (base 6) to base 16.
7ff5fd
What is -144342341 (base 5) in base 13?
-213084
-21200210122011 (base 3) to base 11
-2343aa1
What is 66308 (base 11) in base 13?
34a33
What is 7202500 (base 8) in base 11?
1089a0a
What is 110011011000110000 (base 2) in base 11?
134156
What is -1526ff (base 16) in base 12?
-56a27b
Convert -100011011001111000011000 (base 2) to base 15.
-c34e18
What is -6aa4be (base 16) in base 4?
-122222102332
Convert -1101102012000 (base 3) to base 7.
-6155004
2600683 (base 12) to base 11
423a293
Convert 220200220 (base 4) to base 2.
101000100000101000
Convert 302122303 (base 4) to base 9.
344251
What is -1ec5d (base 16) in base 12?
-60b39
-52a8c3 (base 14) to base 9
-5230171
-11320012 (base 5) to base 13
-38685
-453737 (base 9) to base 6
-5454141
Convert -16162180 (base 9) to base 8.
-36624731
-3213020 (base 5) to base 3
-2202021000
What is -10011010001111011000010 (base 2) in base 8?
-23217302
17197a (base 13) to base 9
1065722
Convert 17838 (base 14) to base 12.
2a34a
What is 40acb (base 15) in base 9?
342112
Convert -21a55 (base 11) to base 7.
-161645
18ad6 (base 15) to base 14
2127a
-22302 (base 12) to base 7
-246152
Convert 206651605 (base 7) to base 13.
2734abc
What is -201021000000 (base 3) in base 10?
-379080
What is -33112500 (base 6) in base 8?
-3614424
-121220112022 (base 3) to base 2
-1010001010000001010
Convert -12012122100 (base 3) to base 10.
-102528
What is -20758 (base 10) in base 12?
-1001a
What is 31513 (base 13) in base 9?
144651
831859 (base 10) to base 4
3023011303
Convert -1784150 (base 9) to base 8.
-3641572
975482 (base 11) to base 14
2c82d9
What is -2a91 (base 12) in base 16?
-138d
What is 2422133334 (base 5) in base 14?
a75447
-1784279 (base 10) to base 12
-72069b
What is 231002232102 (base 4) in base 6?
1101024550
-8a213 (base 15) to base 9
-738440
What is -14378a (base 12) in base 10?
-338074
-28324721 (base 9) to base 16
-d5cb65
Convert 1779aa (base 11) to base 15.
5630e
-101111101101111010000011 (base 2) to base 5
-11200240203
What is -2983c (base 14) in base 10?
-103150
-245153 (base 8) to base 12
-40b4b
Convert -10010010133 (base 4) to base 14.
-1da2d1
22202112102 (base 3) to base 9
282472
-228139 (base 10) to base 16
-37b2b
Convert -105830 (base 13) to base 4.
-1131222311
What is -23e5b (base 15) in base 10?
-114611
What is 17c36 (base 16) in base 7?
553526
What is 503360 (base 8) in base 4?
220123300
Convert -314da (base 14) to base 15.
-253b3
Convert -392b58 (base 12) to base 16.
-e50f4
-1201003210 (base 4) to base 10
-397540
Convert -12541272 (base 8) to base 3.
-12021101010012
Convert 1560784 (base 11) to base 14.
4d5601
-38559 (base 15) to base 6
-3505420
Convert -23240511 (base 8) to base 12.
-1841b75
What is -25b77 (base 12) in base 14?
-14c31
What is -4342012 (base 8) in base 9?
-2164104
What is -264766 (base 9) in base 14?
-42967
19b966c (base 13) to base 5
4134102434
Convert e536d (base 16) to base 10.
938861
What is -187272 (base 12) in base 6?
-13053422
What is 10227263 (base 8) in base 2?
1000010010111010110011
d89e87 (base 16) to base 12
490759b
Convert -1322140231 (base 5) to base 10.
-3318191
What is 7c9586 (base 15) in base 7?
101420535
What is 216741 (base 8) in base 10?
73185
669961 (base 16) to base 13
151567c
What is cacc5 (base 16) in base 10?
830661
-7552015 (base 8) to base 11
-115aa26
-7124586 (base 9) to base 2
-1110011110101011001001
What is 4373b3 (base 12) in base 2?
100000101010001110111
Convert 37643231 (base 8) to base 6.
454440225
What is -2200000021212 (base 3) in base 9?
-2600255
Convert 101101000100001110111001 (base 2) to base 15.
10855cc
Convert -2306e7 (base 15) to base 16